 71*s**2 - 986*s + 27. What is g(19)?
65
Let a(r) = r**3 - 4*r**2 + 28*r - 42. Determine a(5).
123
Let p(n) = 2*n**3 - 62*n**2 - 16*n + 495. Determine p(31).
-1
Let n(b) = -29*b**3 + 17*b**2 - 22*b. Calculate n(1).
-34
Let q(v) = -6*v - 183. What is q(-8)?
-135
Let q(o) = -8*o + 114. Give q(17).
-22
Let r(v) = 2*v**2 - 457*v + 9818. Give r(24).
2
Let w(g) = -7*g**2 - 730*g - 1001. What is w(-103)?
-74
Let m(z) = 5*z**3 + 4*z**2 + 18*z + 29. Give m(-5).
-586
Let q(n) = 7*n**2 + 86*n + 23. Determine q(-13).
88
Let m(z) = -z**2 - 260*z + 1333. What is m(5)?
8
Let c(x) = -4651*x + 97667. Determine c(21).
-4
Let s(y) = -12*y**2 + 18*y - 21. Determine s(6).
-345
Let p(k) = k**3 - 19*k**2 - 35*k - 113. What is p(21)?
34
Let y(t) = 129*t**2 - 889*t - 150. What is y(7)?
-52
Let t(h) = -316*h - 2852. Determine t(-9).
-8
Let h(w) = 73*w - 248. Give h(8).
336
Let c(h) = h**3 - 5*h**2 + 50*h - 262. Determine c(5).
-12
Let h(d) = d**3 + 14*d**2 - 63*d - 724. What is h(-15)?
-4
Let q(u) = -u**2 - 24*u + 340. Determine q(12).
-92
Let f(q) = 2*q**2 + 635*q - 6581. Give f(10).
-31
Let t(l) = 2*l**3 - 16*l**2 - 83*l + 204. What is t(11)?
17
Let o(d) = d**3 + 13*d**2 + 17*d + 29. Give o(-8).
213
Let r(n) = 427*n - 2982. What is r(7)?
7
Let w(t) = 8*t - 3. Calculate w(8).
61
Let m(t) = 206*t + 13593. Give m(-66).
-3
Let y(u) = -29*u - 450. What is y(-17)?
43
Let c(y) = -y**3 - 37*y**2 - 37*y + 168. What is c(-35)?
-987
Let x(q) = q**3 + 19*q**2 - 217*q - 15. Give x(-27).
12
Let w(h) = 12*h**2 + 164*h - 64. Calculate w(-14).
-8
Let f(k) = 531*k - 7862. Determine f(15).
103
Let f(j) = -j**2 - 16*j - 28. Calculate f(-23).
-189
Let h(u) = 2*u**2 - 69*u + 32. What is h(32)?
-128
Let q(c) = 6*c**2 + 37*c - 103. Determine q(3).
62
Let k(w) = 7*w**2 - 136*w - 1422. Determine k(27).
9
Let u(k) = -k**3 + 32*k**2 + 68*k + 20. Calculate u(34).
20
Let q(g) = -86*g - 1137. Determine q(-13).
-19
Let d(a) = -9*a**2 + 15*a - 57. Determine d(6).
-291
Let x(w) = w**2 + 9*w - 292. Calculate x(-34).
558
Let p(b) = 8*b**2 - 429*b + 1238. What is p(3)?
23
Let n(w) = 4*w + 308. Calculate n(16).
372
Let r(w) = -w**2 + 2*w - 2. What is r(-1)?
-5
Let d(j) = j**3 - 24*j**2 - 80*j + 32. What is d(27)?
59
Let l(m) = 54*m + 1868. What is l(-36)?
-76
Let l(v) = -29*v**2 + 5*v - 9. Calculate l(2).
-115
Let d(n) = -14*n**2 + 83*n - 10. Determine d(5).
55
Let m(q) = 159*q + 44. Determine m(1).
203
Let m(n) = -n**3 - 27*n**2 - 26*n - 26. Determine m(-26).
-26
Let i(y) = 17*y**3 - 2*y**2 - y - 25. Calculate i(-3).
-499
Let q(b) = 1627*b - 8136. Determine q(5).
-1
Let d(y) = y**2 - 22*y - 2378. What is d(-39)?
1
Let o(f) = 103*f**2 + 561*f + 51. Calculate o(-5).
-179
Let r(u) = 869*u - 11295. Give r(13).
2
Let k(m) = 369*m - 5506. What is k(15)?
29
Let a(s) = s**2 + 952*s + 1904. What is a(-2)?
4
Let o(g) = 2*g**2 + 4*g + 84. Calculate o(-8).
180
Let q(k) = 115*k - 3332. What is q(29)?
3
Let m(q) = 22*q**2 - 947*q + 39. Determine m(43).
-4
Let w(d) = 33*d**2 - 164*d - 28. What is w(4)?
-156
Let m(n) = 264*n - 2376. Determine m(9).
0
Let a(z) = -2*z**2 + 108*z + 805. Give a(61).
-49
Let g(l) = -15*l**2 - 97*l + 52. What is g(-7)?
-4
Let b(s) = -69*s**3 - 3*s**2 + 4*s + 5. Give b(-1).
67
Let n(q) = 21*q**2 + 89*q + 7. What is n(-4)?
-13
Let m(j) = 133*j + 1869. Calculate m(-14).
7
Let u(z) = 6*z**2 - 76*z - 81. Calculate u(14).
31
Let s(i) = -464*i - 3710. Calculate s(-8).
2
Let t(w) = 99*w**2 + 6*w + 8. Calculate t(-1).
101
Let u(k) = -5*k - 57. Determine u(-7).
-22
Let s(j) = 159*j**2 + 1886*j - 268. What is s(-12)?
-4
Let x(h) = 217*h + 31289. What is x(-144)?
41
Let r(z) = -z**3 - 18*z**2 + 91*z + 70. Give r(-22).
4
Let p(w) = 11*w**3 - 6*w**2 + 3*w + 20. Give p(3).
272
Let f(m) = 10*m + 145. Determine f(19).
335
Let s(p) = 7*p**2 - 12*p + 60. Calculate s(6).
240
Let l(b) = b**2 - 52*b - 69. Give l(56).
155
Let b(i) = -15*i + 382. What is b(14)?
172
Let b(y) = y**2 - 417. Calculate b(-21).
24
Let c(i) = -i**2 - 25*i - 16. What is c(-14)?
138
Let g(b) = -118*b**2 + 1776*b - 23. Give g(15).
67
Let p(y) = -4*y - 3. Calculate p(4).
-19
Let s(d) = 210*d + 5464. What is s(-26)?
4
Let q(a) = 128106*a - 1024842. Determine q(8).
6
Let g(s) = 2*s + 40. Give g(16).
72
Let w(m) = 2*m**2 + 77*m - 259. Determine w(-42).
35
Let n(s) = s**2 + 39*s - 433. What is n(9)?
-1
Let d(r) = -12*r**2 - 2204*r + 766. Give d(-184).
30
Let v(a) = -a**2 + 42*a - 331. Determine v(32).
-11
Let c(j) = -521*j + 25013. Determine c(48).
5
Let f(r) = 41*r - 284. Determine f(7).
3
Let w(f) = -646*f + 45221. What is w(70)?
1
Let x(v) = v**3 - 9*v**2 - 10*v. Determine x(-3).
-78
Let t(h) = -2*h**3 - 12*h**2 + 3*h + 23. Determine t(0).
23
Let m(h) = -1971*h + 13799. Give m(7).
2
Let k(i) = -89*i - 131. What is k(2)?
-309
Let m(v) = 16*v + 326. Give m(-19).
22
Let k(n) = -n**3 + 7*n**2 + 9*n + 13. Calculate k(6).
103
Let y(g) = -4*g**3 - 40*g**2 + 20*g + 111. Give y(-10).
-89
Let i(f) = -f**2 + 7*f + 203. Calculate i(17).
33
Let g(j) = j**2 + 410*j + 3224. Give g(-8).
8
Let t(k) = 19*k - 618. Give t(40).
142
Let p(j) = -j**3 + j - 15. Determine p(0).
-15
Let p(d) = -45*d + 57. Give p(3).
-78
Let z(v) = -v**2 + 26*v - 37. Calculate z(22).
51
Let s(r) = r**3 + 10*r**2 + 35*r - 8. What is s(-6)?
-74
Let j(v) = -4*v**3 + v**2 + v - 9. Determine j(-2).
25
Let h(r) = -11*r**2 - 219*r + 43. Give h(-20).
23
Let n(v) = 2666*v + 50649. Determine n(-19).
-5
Let p(g) = -g**3 - 16*g**2 + g - 37. What is p(-16)?
-53
Let u(m) = 19*m - 857. Give u(46).
17
Let a(y) = -4*y + 19. Give a(1).
15
Let m(c) = 2*c**2 - 79*c + 359. What is m(34)?
-15
Let s(d) = 134*d - 1056. Calculate s(6).
-252
Let h(k) = 2*k**2 + 40*k - 36. Determine h(-21).
6
Let m(b) = -b**2 + 31*b - 157. Give m(7).
11
Let x(c) = 1011*c + 7068. Give x(-7).
-9
Let m(u) = -6566*u - 105040. Give m(-16).
16
Let k(u) = 402*u - 8096. Determine k(20).
-56
Let w(c) = -c**3 + 13*c**2 + 325*c - 2911. Give w(8).
9
Let v(b) = -366*b + 1836. Determine v(5).
6
Let k(n) = 94*n - 557. What is k(6)?
7
Let b(p) = -p**3 + 2*p**2 + 8*p - 44. What is b(-7)?
341
Let k(c) = -214*c - 2788. What is k(-13)?
-6
Let l(r) = -r**3 + 103*r**2 - 3*r + 322. Calculate l(103).
13
Let a(d) = -23*d + 191. Give a(2).
145
Let l(j) = -j**3 + 30*j**2 + 18*j + 385. What is l(31)?
-18
Let k(h) = -6*h**3 + 47*h**2 - 64*h - 15. What is k(6)?
-3
Let s(l) = 931*l + 11. What is s(0)?
11
Let s(d) = 3*d**2 + 154. Calculate s(0).
154
Let w(k) = -k**3 - 16*k**2 + 34*k + 12. Calculate w(2).
8
Let z(m) = m**2 - 4*m - 292. Give z(19).
-7
Let y(n) = -n - 16. Determine y(-8).
-8
Let h(s) = -2*s**3 + 13*s**2 - 1090*s + 6512. Give h(6).
8
Let h(m) = -26*m + 1051. What is h(39)?
37
Let i(o) = -1372*o - 5438. Determine i(-4).
50
Let g(q) = -2050*q + 32809. Determine g(16).
9
Let s(o) = 77*o + 5279. Determine s(-68).
43
Let p(l) = 42*l - 377. What is p(8)?
-41
Let t(r) = -23*r**2 - 172*r + 6. What is t(-5)?
291
Let d(c) = -92*c - 1191. What is d(-13)?
5
Let l(s) = s**2 - 101*s + 1890. Give l(25).
-10
Let p(d) = -197*d**2 + 2562*d - 8. Calculate p(13).
5
Let g(x) = x**3 + 16*x**2 + 61*x + 29. Calculate g(-7).
43
Let u(q) = -q**3 - 11*q**2 + 69*q - 48. Calculate u(-16).
128
Let t(z) = -1438*z + 2886. Calculate t(2).
10
Let j(d) = -2*d**2 + 34*d + 4966. Determine j(59).
10
Let j(v) = 88*v - 5459. Calculate j(62).
-3
Let l(m) = -2*m**3 + 18*m**2 + 4*m + 27. Give l(8).
187
Let l(x) = -301*x + 2728. Calculate l(9).
19
Let f(c) = -c**3 + 26*c**2 - 30*c - 21. Determine f(25).
-146
Let q(b) = 3*b**3 + 21*b**2 - 62*b - 487. Calculate q(-6).
-7
Let q(y) = 74*y + 45. Determine q(-1).
-29
Let i(f) = 1413*f - 66402. What is i(47)?
9
Let c(s) = 409*s - 7375. What is c(18)?
-13
Let c(n) = -8*n**2 + 871*n + 73. Calculate c(109).
-36
Let h(s) = -22*s**2 + 483*s - 858. Calculate h(20).
2
Let y(z) = z**2 - 9*z + 5. Determine y(12).
41
Let c(p) = -338*p + 4388. What is c(13)?
-6
Let o(v) = -8753*v - 131295. Determine o(-15).
0
Let y(x) = -28*x - 60. Give y(-1).
-32
Let z(p) = p**3 - 38*p**2 - 132*p + 11. Calculate z(41).
-358
Let v(d) = 73*d**2 - 181*d + 180. Calculate v(1).
72
Let f(c) = -c**3 - 11*c**2 - 3*c - 57. What is f(-11)?
-24
Let g(h) = -h**3 - 17*h**2 - 38*h - 8. Calculate g(-15).
112
Let c(x) = -x**3 - 32*x**2 - 258*x - 33. What is c(-16)?
-1
Let y(v) = -12*v 